of 12659792.
2, 53, 14929
List the prime factors of 15778524.
2, 3, 53, 24809
What are the prime factors of 214230676?
2, 11, 743, 6553
What are the prime factors of 554834944?
2, 541831
What are the prime factors of 123208729?
7, 53, 332099
What are the prime factors of 41128208?
2, 11, 233683
List the prime factors of 962349244.
2, 31, 79, 3169
List the prime factors of 806013510.
2, 3, 5, 26867117
List the prime factors of 3940469702.
2, 13, 1487, 101921
What are the prime factors of 40043492?
2, 43, 232811
What are the prime factors of 885661513?
11, 149, 540367
List the prime factors of 338725050.
2, 3, 5, 2258167
What are the prime factors of 21989779?
7, 103, 4357
List the prime factors of 5861213253.
3, 7, 37, 359209
What are the prime factors of 180891781?
7, 17, 217157
List the prime factors of 5857508.
2, 227, 6451
List the prime factors of 360569890.
2, 5, 36056989
What are the prime factors of 848172991?
2113, 401407
List the prime factors of 2126357205.
3, 5, 7, 2893003
What are the prime factors of 56030802?
2, 3, 37, 252391
What are the prime factors of 776564829?
3, 179, 482039
List the prime factors of 99262141.
11, 9023831
List the prime factors of 149466204.
2, 3, 47, 88337
List the prime factors of 258170976.
2, 3, 7, 17, 31
What are the prime factors of 110822863?
110822863
What are the prime factors of 435274497?
3, 7, 761, 1297
List the prime factors of 924290039.
21407, 43177
List the prime factors of 44016667.
79, 631, 883
What are the prime factors of 160000688?
2, 2089, 4787
List the prime factors of 392828588.
2, 17, 109, 52999
List the prime factors of 691541468.
2, 113, 547, 2797
List the prime factors of 10745502.
2, 3, 1790917
List the prime factors of 40666565.
5, 61, 151, 883
What are the prime factors of 89496590?
2, 5, 67, 223, 599
List the prime factors of 765693604.
2, 13, 43, 443, 773
What are the prime factors of 80812459?
7, 13, 131, 6779
What are the prime factors of 13897856?
2, 7, 15511
List the prime factors of 52340730.
2, 3, 5, 13, 134207
What are the prime factors of 584348?
2, 347, 421
List the prime factors of 332343360.
2, 3, 5, 167, 691
What are the prime factors of 1136998074?
2, 3, 189499679
What are the prime factors of 106073240?
2, 5, 7, 13, 23, 181
What are the prime factors of 1525541150?
2, 5, 7, 821, 5309
What are the prime factors of 2065504070?
2, 5, 7, 2693, 10957
List the prime factors of 4271533.
7, 610219
What are the prime factors of 85080547?
797, 106751
What are the prime factors of 433651456?
2, 7, 241993
List the prime factors of 375877923.
3, 1523, 82267
What are the prime factors of 71795173?
173, 613, 677
What are the prime factors of 8298719?
11, 13, 131, 443
List the prime factors of 145642094.
2, 13, 17, 109, 3023
What are the prime factors of 95668648?
2, 19, 353, 1783
What are the prime factors of 99019681?
99019681
List the prime factors of 5451941460.
2, 3, 5, 7, 53, 257, 953
List the prime factors of 53279335.
5, 10655867
What are the prime factors of 1263937709?
17, 41, 337, 5381
What are the prime factors of 2422597070?
2, 5, 17, 29, 241, 2039
What are the prime factors of 31794495?
3, 5, 1319, 1607
List the prime factors of 850544961.
3, 7, 40502141
List the prime factors of 183873220.
2, 5, 83, 257, 431
What are the prime factors of 50289854?
2, 25144927
List the prime factors of 38050566.
2, 3, 2459, 2579
List the prime factors of 416307808.
2, 7, 577, 3221
What are the prime factors of 59655364?
2, 19, 784939
List the prime factors of 644549986.
2, 322274993
List the prime factors of 637277948.
2, 179, 890053
List the prime factors of 70505178.
2, 3, 701, 16763
What are the prime factors of 216601974?
2, 3, 101, 283, 421
List the prime factors of 2216120529.
3, 7, 31, 109, 31231
List the prime factors of 214657025.
5, 11, 6451
List the prime factors of 282590998.
2, 141295499
What are the prime factors of 556597182?
2, 3, 92766197
What are the prime factors of 126545972?
2, 7, 4519499
List the prime factors of 1929245880.
2, 3, 5, 29, 89, 6229
What are the prime factors of 6534004233?
3, 37, 58864903
What are the prime factors of 281724343?
19, 109, 136033
List the prime factors of 420576761.
11, 19, 61, 2999
What are the prime factors of 12947392?
2, 101, 2003
What are the prime factors of 30887953?
223, 138511
What are the prime factors of 208919623?
11, 2969, 6397
List the prime factors of 146822890.
2, 5, 269, 54581
What are the prime factors of 28234043?
997, 28319
What are the prime factors of 284722752?
2, 3, 19, 78049
What are the prime factors of 40028164?
2, 11, 909731
What are the prime factors of 6095473237?
7, 53, 331, 1013
What are the prime factors of 50505925?
5, 37, 54601
What are the prime factors of 168962857?
7, 24137551
List the prime factors of 60075131.
19, 73, 43313
List the prime factors of 859526068.
2, 619, 347143
List the prime factors of 261956659.
547, 478897
What are the prime factors of 18068115?
3, 5, 13, 92657
List the prime factors of 117229503.
3, 1321, 29581
List the prime factors of 2508310686.
2, 3, 7, 379, 22511
List the prime factors of 2833588310.
2, 5, 7, 41, 987313
List the prime factors of 83452549.
197, 423617
List the prime factors of 109732941.
3, 4064183
List the prime factors of 413480573.
11, 31, 47, 25799
What are the prime factors of 851462996?
2, 212865749
List the prime factors of 3628089686.
2, 13, 37, 373, 10111
What are the prime factors of 250174008?
2, 3, 7, 7879
List the prime factors of 1551079229.
7, 221582747
List the prime factors of 2624338837.
6329, 414653
List the prime factors of 367546495.
5, 149, 493351
What are the prime factors of 2939056979?
937, 3136667
List the prime factors of 4869676536.
2, 3, 157, 313, 4129
What are the prime factors of 454566528?
2, 3, 13, 127, 239
What are the prime factors of 105866355?
3, 5, 7, 23, 59, 743
What are the prime factors of 8674996323?
3, 7, 317, 1303139
List the prime factors of 459711115.
5, 241, 1583
List the prime factors of 124319439.
3, 23, 600577
What are the prime factors of 39284198?
2, 43, 47, 9719
What are the prime factors of 82352149?
11, 41, 182599
What are the prime factors of 986710956?
2, 3, 7, 11, 193, 503
What are the prime factors of 118654695?
3, 5, 709, 3719
What are the prime factors of 676843656?
2, 3, 28201819
List the prime factors of 171587347.
19, 541, 16693
List the prime factors of 321022921.
137, 2343233
What are the prime factors of 407193307?
71, 349, 16433
List the prime factors of 132256068.
2, 3, 7, 151, 10427
What are the prime factors of 2308145528?
2, 13, 79, 280933
What are the prime factors of 121648208?
2, 11, 691183
What are the prime factors of 1270125884?
2, 277, 1146323
What are the prime factors of 3186140746?
2, 2357, 675889
List the prime factors of 69763063.
4799, 14537
List the prime factors of 375625567.
375625567
What are the prime factors of 172840824?
2, 3, 13, 61553
List the prime factors of 4896475375.
5, 11, 3561073
What are the prime factors of 1591853256?
2, 3, 7, 1052813
List the prime factors of 335926638.
2, 3, 23, 35279
What are the prime factors of 36671966?
2, 18335983
What are the prime factors of 5115621596?
2, 277, 761, 6067
List the prime factors of 187989694.
2, 59, 1593133
What are the prime factors of 31062037?
1151, 26987
What are the prime factors of 84553837?
347, 243671
List the prime factors of 2776229253.
3, 7, 43, 337, 3041
List the prime factors of 31205455.
5, 17, 367123
List the prime factors of 73100409.
3, 53, 167, 2753
List the prime factors of 428534425.
5, 11, 1558307
List the prime factors of 241118.
2, 31, 3889
What are the prime factors of 88440482?
2, 13, 3401557
List the prime factors of 8530776.
2, 3, 109, 1087
What are the prime factors of 3360413646?
2, 3, 397, 470251
List the prime factors of 3441783138.
2, 3, 379, 1513537
What are the prime factors of 2228724?
2, 3, 61909
What are the prime factors of 1767990684?
2, 3, 17, 29, 37, 41, 197
What are the prime factors of 1037936723?
1037936723
What are the prime factors of 73653162?
2, 3, 11, 37, 30161
What are the prime factors of 4670933592?
2, 3, 13, 14970941
What are the prime factors of 44335022?
2, 31, 41, 107, 163
What are the prime factors of 204272915?
5, 7, 11, 75797
List the prime facto